{"id":167,"date":"2023-08-10T17:34:15","date_gmt":"2023-08-10T17:34:15","guid":{"rendered":"https:\/\/matehuala.tecnm.mx\/pruebaspagina\/?page_id=167"},"modified":"2023-08-18T10:49:09","modified_gmt":"2023-08-18T16:49:09","slug":"ingenieria-civil","status":"publish","type":"page","link":"https:\/\/matehuala.tecnm.mx\/?page_id=167","title":{"rendered":"Ingenier\u00eda Civil"},"content":{"rendered":"\n<p><\/p>\n\n\n<div class=\"wp-block-image\">\n<figure class=\"aligncenter size-large\"><img loading=\"lazy\" decoding=\"async\" width=\"1024\" height=\"576\" src=\"https:\/\/matehuala.tecnm.mx\/pruebaspagina\/wp-content\/uploads\/2023\/08\/Civil-2020-TecNM-1024x576.png\" alt=\"\" class=\"wp-image-247\" srcset=\"https:\/\/matehuala.tecnm.mx\/wp-content\/uploads\/2023\/08\/Civil-2020-TecNM-1024x576.png 1024w, https:\/\/matehuala.tecnm.mx\/wp-content\/uploads\/2023\/08\/Civil-2020-TecNM-300x169.png 300w, https:\/\/matehuala.tecnm.mx\/wp-content\/uploads\/2023\/08\/Civil-2020-TecNM-768x432.png 768w, https:\/\/matehuala.tecnm.mx\/wp-content\/uploads\/2023\/08\/Civil-2020-TecNM-135x75.png 135w, https:\/\/matehuala.tecnm.mx\/wp-content\/uploads\/2023\/08\/Civil-2020-TecNM.png 1432w\" sizes=\"auto, (max-width: 1024px) 100vw, 1024px\" \/><\/figure>\n<\/div>\n\n\n<p><\/p>\n\n\n\n<p><strong>Ingenier\u00eda Civil&nbsp;<\/strong><strong>ICIV-2010-208<\/strong><\/p>\n\n\n\n<p><strong>Objetivo General:<\/strong><\/p>\n\n\n\n<p>Formar profesionistas en ingenier\u00eda civil de manera integral, con visi\u00f3n humana, anal\u00edtica, creativa y emprendedora, capaces de identificar y resolver problemas con eficiencia, eficacia y pertinencia, mediante la planeaci\u00f3n, dise\u00f1o, construcci\u00f3n, operaci\u00f3n y conservaci\u00f3n de obras de infraestructura, en el marco de la globalizaci\u00f3n, la sustentabilidad y la calidad, contribuyendo al desarrollo de la sociedad.<\/p>\n\n\n\n<p><strong>Perfil de Egreso:<\/strong><\/p>\n\n\n\n<ol class=\"wp-block-list\">\n<li>Planea, proyecta, dise\u00f1a, construye, opera y conserva obras hidr\u00e1ulicas y sanitarias, sistemas estructurales, v\u00edas terrestres, edificaci\u00f3n y obras de infraestructura urbana e industrial para el desarrollo de la sociedad.<\/li>\n\n\n\n<li>Dirige equipos t\u00e9cnicos para determinar la factibilidad ambiental, econ\u00f3mica, t\u00e9cnica y social de los proyectos de obras civiles.<\/li>\n\n\n\n<li>Formula y ejecuta proyectos de investigaci\u00f3n para el desarrollo tecnol\u00f3gico en el \u00e1mbito de la Ingenier\u00eda Civil.<\/li>\n\n\n\n<li>Crea, adapta, innova y aplica tecnolog\u00edas en los estudios, proyectos y construcci\u00f3n de obras civiles para los requerimientos de la sociedad.<\/li>\n\n\n\n<li>Administra proyectos para optimizar el uso de los recursos en el logro de los objetivos de las obras civiles.<\/li>\n\n\n\n<li>Emplea t\u00e9cnicas de control de calidad en los materiales y procesos constructivos para la seguridad y durabilidad de las obras de ingenier\u00eda civil.<\/li>\n\n\n\n<li>Utiliza tecnolog\u00edas de la informaci\u00f3n y comunicaci\u00f3n para la optimizaci\u00f3n de los proyectos de Ingenier\u00eda Civil.<\/li>\n\n\n\n<li>Emprende proyectos productivos pertinentes para el desarrollo sustentable de las comunidades.<\/li>\n<\/ol>\n\n\n\n<p>\u00a9TecNM mayo 2016 P\u00e1gina | 1&nbsp;<\/p>\n\n\n\n<p><\/p>\n\n\n\n<div data-wp-interactive=\"core\/file\" class=\"wp-block-file\"><object data-wp-bind--hidden=\"!state.hasPdfPreview\" hidden class=\"wp-block-file__embed\" data=\"https:\/\/matehuala.tecnm.mx\/wp-content\/uploads\/2023\/08\/Reticula-Ingenieria-Civil.pdf\" type=\"application\/pdf\" style=\"width:100%;height:600px\" aria-label=\"Incrustado de Reticula-Ingenieria-Civil.\"><\/object><a id=\"wp-block-file--media-0231a9af-3a85-4a6b-85a6-d15eea4c93be\" href=\"https:\/\/matehuala.tecnm.mx\/wp-content\/uploads\/2023\/08\/Reticula-Ingenieria-Civil.pdf\">Reticula-Ingenieria-Civil<\/a><a href=\"https:\/\/matehuala.tecnm.mx\/wp-content\/uploads\/2023\/08\/Reticula-Ingenieria-Civil.pdf\" class=\"wp-block-file__button wp-element-button\" download aria-describedby=\"wp-block-file--media-0231a9af-3a85-4a6b-85a6-d15eea4c93be\"><mark style=\"background-color:rgba(0, 0, 0, 0)\" class=\"has-inline-color has-white-color\">Descarga<\/mark><\/a><\/div>\n","protected":false},"excerpt":{"rendered":"<p>Ingenier\u00eda Civil&nbsp;ICIV-2010-208 Objetivo General: Formar profesionistas en ingenier\u00eda civil de manera integral, con visi\u00f3n humana, anal\u00edtica, creativa y emprendedora, capaces de identificar y resolver problemas con eficiencia, eficacia y pertinencia, [&hellip;]<\/p>\n","protected":false},"author":1,"featured_media":0,"parent":0,"menu_order":0,"comment_status":"closed","ping_status":"closed","template":"","meta":{"footnotes":""},"class_list":["post-167","page","type-page","status-publish","hentry"],"_links":{"self":[{"href":"https:\/\/matehuala.tecnm.mx\/index.php?rest_route=\/wp\/v2\/pages\/167","targetHints":{"allow":["GET"]}}],"collection":[{"href":"https:\/\/matehuala.tecnm.mx\/index.php?rest_route=\/wp\/v2\/pages"}],"about":[{"href":"https:\/\/matehuala.tecnm.mx\/index.php?rest_route=\/wp\/v2\/types\/page"}],"author":[{"embeddable":true,"href":"https:\/\/matehuala.tecnm.mx\/index.php?rest_route=\/wp\/v2\/users\/1"}],"replies":[{"embeddable":true,"href":"https:\/\/matehuala.tecnm.mx\/index.php?rest_route=%2Fwp%2Fv2%2Fcomments&post=167"}],"version-history":[{"count":5,"href":"https:\/\/matehuala.tecnm.mx\/index.php?rest_route=\/wp\/v2\/pages\/167\/revisions"}],"predecessor-version":[{"id":613,"href":"https:\/\/matehuala.tecnm.mx\/index.php?rest_route=\/wp\/v2\/pages\/167\/revisions\/613"}],"wp:attachment":[{"href":"https:\/\/matehuala.tecnm.mx\/index.php?rest_route=%2Fwp%2Fv2%2Fmedia&parent=167"}],"curies":[{"name":"wp","href":"https:\/\/api.w.org\/{rel}","templated":true}]}}