{"id":169,"date":"2023-08-10T17:34:53","date_gmt":"2023-08-10T17:34:53","guid":{"rendered":"https:\/\/matehuala.tecnm.mx\/pruebaspagina\/?page_id=169"},"modified":"2023-08-18T12:16:50","modified_gmt":"2023-08-18T18:16:50","slug":"ingenieria-industrial","status":"publish","type":"page","link":"https:\/\/matehuala.tecnm.mx\/?page_id=169","title":{"rendered":"Ingenier\u00eda Industrial"},"content":{"rendered":"\n<p><\/p>\n\n\n<div class=\"wp-block-image\">\n<figure class=\"aligncenter size-large\"><img loading=\"lazy\" decoding=\"async\" width=\"1024\" height=\"575\" src=\"https:\/\/matehuala.tecnm.mx\/pruebaspagina\/wp-content\/uploads\/2023\/08\/Industrial-2020-TecNM-menosk-1024x575.jpg\" alt=\"\" class=\"wp-image-250\" srcset=\"https:\/\/matehuala.tecnm.mx\/wp-content\/uploads\/2023\/08\/Industrial-2020-TecNM-menosk-1024x575.jpg 1024w, https:\/\/matehuala.tecnm.mx\/wp-content\/uploads\/2023\/08\/Industrial-2020-TecNM-menosk-300x169.jpg 300w, https:\/\/matehuala.tecnm.mx\/wp-content\/uploads\/2023\/08\/Industrial-2020-TecNM-menosk-768x432.jpg 768w, https:\/\/matehuala.tecnm.mx\/wp-content\/uploads\/2023\/08\/Industrial-2020-TecNM-menosk-135x75.jpg 135w, https:\/\/matehuala.tecnm.mx\/wp-content\/uploads\/2023\/08\/Industrial-2020-TecNM-menosk.jpg 1436w\" sizes=\"auto, (max-width: 1024px) 100vw, 1024px\" \/><\/figure>\n<\/div>\n\n\n<p><\/p>\n\n\n\n<p><strong>Ingenier\u00eda Industrial&nbsp;<\/strong><strong>IIND-2010-227<\/strong><\/p>\n\n\n\n<p><strong>Objetivo General:<\/strong><\/p>\n\n\n\n<p>Formar profesionales, \u00e9ticos, l\u00edderes, creativos y emprendedores en el \u00e1rea de Ingenier\u00eda Industrial; competente para dise\u00f1ar, implantar, administrar, innovar y optimizar sistemas de producci\u00f3n de bienes y servicios; con enfoque sist\u00e9mico y sustentable en un entorno global.<\/p>\n\n\n\n<p><strong>Perfil de Egreso:<\/strong><\/p>\n\n\n\n<ol class=\"wp-block-list\">\n<li>Dise\u00f1a, mejora e integra sistemas productivos de bienes y servicios aplicando tecnolog\u00edas para su optimizaci\u00f3n.<\/li>\n\n\n\n<li>Dise\u00f1a, implementa y mejora sistemas de trabajo para elevar la productividad.<\/li>\n\n\n\n<li>Implanta sistemas de calidad utilizando m\u00e9todos estad\u00edsticos para mejorar la competitividad de lasorganizaciones.<\/li>\n\n\n\n<li>Administra sistemas de mantenimiento en procesos de bienes y servicios para la optimizaci\u00f3n en eluso de los recursos.<\/li>\n\n\n\n<li>Gestiona sistemas de seguridad, salud ocupacional de manera sustentable, en sistemas productivosde bienes y servicios atendiendo los lineamientos legales<\/li>\n\n\n\n<li>Formula, eval\u00faa y gestiona proyectos de inversi\u00f3n, sociales y de transferencia de tecnolog\u00eda para eldesarrollo regional.<\/li>\n<\/ol>\n\n\n\n<p>\u00a9TecNM mayo 2016 P\u00e1gina | 1<\/p>\n\n\n\n<p><\/p>\n\n\n\n<div data-wp-interactive=\"core\/file\" class=\"wp-block-file\"><object data-wp-bind--hidden=\"!state.hasPdfPreview\" hidden class=\"wp-block-file__embed\" data=\"https:\/\/matehuala.tecnm.mx\/wp-content\/uploads\/2023\/08\/Reticula-Ingenieria-Industrial.pdf\" type=\"application\/pdf\" style=\"width:100%;height:600px\" aria-label=\"Incrustado de Reticula-Ingenieria-Industrial.\"><\/object><a id=\"wp-block-file--media-2b5ab078-677e-4cd7-a7b7-e5fdcce646d3\" href=\"https:\/\/matehuala.tecnm.mx\/wp-content\/uploads\/2023\/08\/Reticula-Ingenieria-Industrial.pdf\">Reticula-Ingenieria-Industrial<\/a><a href=\"https:\/\/matehuala.tecnm.mx\/wp-content\/uploads\/2023\/08\/Reticula-Ingenieria-Industrial.pdf\" class=\"wp-block-file__button wp-element-button\" download aria-describedby=\"wp-block-file--media-2b5ab078-677e-4cd7-a7b7-e5fdcce646d3\"><mark style=\"background-color:rgba(0, 0, 0, 0)\" class=\"has-inline-color has-white-color\">Descarga<\/mark><\/a><\/div>\n","protected":false},"excerpt":{"rendered":"<p>Ingenier\u00eda Industrial&nbsp;IIND-2010-227 Objetivo General: Formar profesionales, \u00e9ticos, l\u00edderes, creativos y emprendedores en el \u00e1rea de Ingenier\u00eda Industrial; competente para dise\u00f1ar, implantar, administrar, innovar y optimizar sistemas de producci\u00f3n de bienes [&hellip;]<\/p>\n","protected":false},"author":1,"featured_media":0,"parent":0,"menu_order":0,"comment_status":"closed","ping_status":"closed","template":"","meta":{"footnotes":""},"class_list":["post-169","page","type-page","status-publish","hentry"],"_links":{"self":[{"href":"https:\/\/matehuala.tecnm.mx\/index.php?rest_route=\/wp\/v2\/pages\/169","targetHints":{"allow":["GET"]}}],"collection":[{"href":"https:\/\/matehuala.tecnm.mx\/index.php?rest_route=\/wp\/v2\/pages"}],"about":[{"href":"https:\/\/matehuala.tecnm.mx\/index.php?rest_route=\/wp\/v2\/types\/page"}],"author":[{"embeddable":true,"href":"https:\/\/matehuala.tecnm.mx\/index.php?rest_route=\/wp\/v2\/users\/1"}],"replies":[{"embeddable":true,"href":"https:\/\/matehuala.tecnm.mx\/index.php?rest_route=%2Fwp%2Fv2%2Fcomments&post=169"}],"version-history":[{"count":5,"href":"https:\/\/matehuala.tecnm.mx\/index.php?rest_route=\/wp\/v2\/pages\/169\/revisions"}],"predecessor-version":[{"id":628,"href":"https:\/\/matehuala.tecnm.mx\/index.php?rest_route=\/wp\/v2\/pages\/169\/revisions\/628"}],"wp:attachment":[{"href":"https:\/\/matehuala.tecnm.mx\/index.php?rest_route=%2Fwp%2Fv2%2Fmedia&parent=169"}],"curies":[{"name":"wp","href":"https:\/\/api.w.org\/{rel}","templated":true}]}}