{"id":819,"date":"2023-09-20T16:21:10","date_gmt":"2023-09-20T22:21:10","guid":{"rendered":"https:\/\/matehuala.tecnm.mx\/?page_id=819"},"modified":"2023-09-20T16:21:10","modified_gmt":"2023-09-20T22:21:10","slug":"b43-2023-tecnm-campus-matehuala-sede-de-becas-subes","status":"publish","type":"page","link":"https:\/\/matehuala.tecnm.mx\/?page_id=819","title":{"rendered":"B43-2023 TECNM CAMPUS MATEHUALA SEDE DE BECAS SUBES"},"content":{"rendered":"\n\n\t\t\t\t<img loading=\"lazy\" decoding=\"async\" src=\"https:\/\/matehuala.tecnm.mx\/wp-content\/uploads\/2023\/09\/49.jpg\" alt=\"49\" itemprop=\"image\" height=\"1365\" width=\"2048\" title=\"49\" onerror=\"this.style.display='none'\"  \/>\n\t\t\t\t<img loading=\"lazy\" decoding=\"async\" src=\"https:\/\/matehuala.tecnm.mx\/wp-content\/uploads\/2023\/09\/50.jpg\" alt=\"50\" itemprop=\"image\" height=\"1365\" width=\"2048\" title=\"50\" onerror=\"this.style.display='none'\"  \/>\n\t\t\t\t<img loading=\"lazy\" decoding=\"async\" src=\"https:\/\/matehuala.tecnm.mx\/wp-content\/uploads\/2023\/09\/51.jpg\" alt=\"51\" itemprop=\"image\" height=\"1365\" width=\"2048\" title=\"51\" onerror=\"this.style.display='none'\"  \/>\n\t\t\t\t<img loading=\"lazy\" decoding=\"async\" src=\"https:\/\/matehuala.tecnm.mx\/wp-content\/uploads\/2023\/09\/52.jpg\" alt=\"52\" itemprop=\"image\" height=\"1365\" width=\"2048\" title=\"52\" onerror=\"this.style.display='none'\"  \/>\n\t\t\t\t<img loading=\"lazy\" decoding=\"async\" src=\"https:\/\/matehuala.tecnm.mx\/wp-content\/uploads\/2023\/09\/53.jpg\" alt=\"53\" itemprop=\"image\" height=\"1095\" width=\"2048\" title=\"53\" onerror=\"this.style.display='none'\"  \/>\n\t\t\t\t<img loading=\"lazy\" decoding=\"async\" src=\"https:\/\/matehuala.tecnm.mx\/wp-content\/uploads\/2023\/09\/54.jpg\" alt=\"54\" itemprop=\"image\" height=\"1365\" width=\"2048\" title=\"54\" onerror=\"this.style.display='none'\"  \/>\n\t\t\t\t<img loading=\"lazy\" decoding=\"async\" src=\"https:\/\/matehuala.tecnm.mx\/wp-content\/uploads\/2023\/09\/55.jpg\" alt=\"55\" itemprop=\"image\" height=\"1365\" width=\"2048\" title=\"55\" onerror=\"this.style.display='none'\"  \/>\n\t<p>18 de Septiembre BOLET\u00cdN 43-2023 SEDE del &#8220;Seguimiento del registro en la solicitud de la Beca en la Plataforma SUBES&#8221;.<\/p>\n<p>Dentro de las metas institucionales, se encuentra la participaci\u00f3n en los programas de becas de diferente \u00edndole, buscando ampliar la cobertura de becados a nuestra comunidad estudi@ntil.<\/p>\n<p>En este tenor, el Sistema \u00danico de Beneficiarios de Educaci\u00f3n Superior (SUBES), llev\u00f3 a cabo la capacitaci\u00f3n &#8220;Seguimiento del registro en la solicitud de la Beca en la Plataforma SUBES&#8221; perteneciente al Programa S283 J\u00f3venes Escribiendo el Futuro, a cargo del Ing. Jos\u00e9 Joel L\u00f3pez Banda, Jefe de Departamento de Vinculaci\u00f3n en el Estado de San Luis Potos\u00ed, el evento tuvo lugar en las instalaciones del Gimnasio Auditorio del plantel, contando con la presencia de estudi@ntes, docentes, administrativos, personal de apoyo y toda la comunidad que conforma el Tecnol\u00f3gico Nacional de M\u00e9xico Campus Matehuala.<\/p>\n<p>El pres\u00eddium estuvo integrado por la Licenciada Ana Luisa Nu\u00f1ez Abud, Titular de la Oficina de Representaci\u00f3n Estatal de Becas para el Bienestar Benito Ju\u00e1rez en el Estado de San Luis Potos\u00ed, Licenciado Jes\u00fas Guille Mart\u00ednez Mart\u00ednez, Director Regional de Programas para el Bienestar Regi\u00f3n 2, Licenciado Juan Carlos D\u00edaz de Le\u00f3n, Subdirector Acad\u00e9mico de la instituci\u00f3n, en representaci\u00f3n de nuestro Director, Dr. Jos\u00e9 Luis Lorenzo Bernal Robledo, quien en su mensaje expres\u00f3 que es de gran importancia el recibir el respaldo y apoyo econ\u00f3mico de nuestras autoridades federales y estatales, para nuestros estudi@ntes y as\u00ed concluir satisfactoriamente las metas acad\u00e9micas e integrarse al escenario laboral de M\u00e9xico. Alexis Esau Aguilar Carrillo estudiante de la carrera de Ingenier\u00eda en Sistemas Computacionales en representaci\u00f3n de la Comunidad Tecnol\u00f3gica Estudiantil del TecNM Campus Matehuala, nos comparti\u00f3 la importancia que tiene para \u00e9l, poder contar con la Beca Benito Ju\u00e1rez, e hizo hincapi\u00e9 que durante la estancia a nivel superior, los estudi@ntes se enfrentan a diversos obst\u00e1culos econ\u00f3micos como el pagar y conseguir hospedaje, medio de transporte, alimentaci\u00f3n entre otros.<\/p>\n<p>Agradecemos enormemente el beneficio y esperamos contar con el 100% de nuestros estudi@ntes becados.<\/p>\n\n","protected":false},"excerpt":{"rendered":"<p>18 de Septiembre BOLET\u00cdN 43-2023 SEDE del &#8220;Seguimiento del registro en la solicitud de la Beca en la Plataforma SUBES&#8221;. Dentro de las metas institucionales, se encuentra la participaci\u00f3n en [&hellip;]<\/p>\n","protected":false},"author":6,"featured_media":0,"parent":0,"menu_order":0,"comment_status":"closed","ping_status":"closed","template":"","meta":{"footnotes":""},"class_list":["post-819","page","type-page","status-publish","hentry"],"_links":{"self":[{"href":"https:\/\/matehuala.tecnm.mx\/index.php?rest_route=\/wp\/v2\/pages\/819","targetHints":{"allow":["GET"]}}],"collection":[{"href":"https:\/\/matehuala.tecnm.mx\/index.php?rest_route=\/wp\/v2\/pages"}],"about":[{"href":"https:\/\/matehuala.tecnm.mx\/index.php?rest_route=\/wp\/v2\/types\/page"}],"author":[{"embeddable":true,"href":"https:\/\/matehuala.tecnm.mx\/index.php?rest_route=\/wp\/v2\/users\/6"}],"replies":[{"embeddable":true,"href":"https:\/\/matehuala.tecnm.mx\/index.php?rest_route=%2Fwp%2Fv2%2Fcomments&post=819"}],"version-history":[{"count":2,"href":"https:\/\/matehuala.tecnm.mx\/index.php?rest_route=\/wp\/v2\/pages\/819\/revisions"}],"predecessor-version":[{"id":825,"href":"https:\/\/matehuala.tecnm.mx\/index.php?rest_route=\/wp\/v2\/pages\/819\/revisions\/825"}],"wp:attachment":[{"href":"https:\/\/matehuala.tecnm.mx\/index.php?rest_route=%2Fwp%2Fv2%2Fmedia&parent=819"}],"curies":[{"name":"wp","href":"https:\/\/api.w.org\/{rel}","templated":true}]}}